 factors of x?
2, 13
Suppose c = 5*s - 4*c, 4*c - 6 = -2*s. Let k(n) = 7*n - 5*n - s - 4. List the prime factors of k(8).
11
Let n(f) = -f**3 - 16*f**2 + 23*f + 3. What are the prime factors of n(-20)?
3, 127
Suppose 0 = -2*o - 4*n + 988, 3*n - 2442 = -o - 4*o. What are the prime factors of o?
2, 3
Let a = 4 + -4. Suppose a = s - 26 - 51. Suppose -2*q = -3*x + 63, -x + 5*x - 5*q = s. List the prime factors of x.
23
Let u be (-4)/(-28) + 380/(-14). List the prime factors of 42*18/u*6/(-4).
2, 3, 7
Suppose -2*b + 3559 = 5*f - 4102, -2*f - 7626 = -2*b. What are the prime factors of b?
2, 23, 83
Let b(o) = -3 + 9*o - 1 + 6 - 3. Let z be b(-1). Let g = 19 + z. What are the prime factors of g?
3
Suppose -4*b + 1296 = 2*m, 0*m - 2*m = 3*b - 973. What are the prime factors of b?
17, 19
Let q(c) = -5*c - 39. Let k be q(-7). What are the prime factors of (22 + 2)*(-9)/k?
2, 3
Let t = -132 - -135. Suppose 5*p - x - 660 = 4*x, -378 = -t*p - 3*x. What are the prime factors of p?
3, 43
Suppose 72*n - 48*n = 29280. List the prime factors of n.
2, 5, 61
Let q be (-58)/(-6) + 4/(-6). Let l = 12 - q. Suppose -4*j = -5*h + 37 - l, -8 = -2*h + 3*j. List the prime factors of h.
2, 5
Let g = 103 - 180. List the prime factors of (-14)/g - (-284)/11.
2, 13
Suppose n - 436 - 89 = -v, v + 1041 = 2*n. List the prime factors of n.
2, 3, 29
Let h = -31 + 141. Suppose 0 = 3*q - t - 0 - 83, -5*q = 4*t - h. List the prime factors of q.
2, 13
Let d = 1023 - 580. What are the prime factors of d?
443
Let j = 219 - 322. Let a = 40 + j. What are the prime factors of a/36*(2 + -6)?
7
Suppose 0 = k + 5*g - 115 - 71, 2*k = -g + 408. List the prime factors of k.
2, 103
Suppose 2*s - 252 = 5*u - 2*u, 0 = -2*s. Let l = u - -144. What are the prime factors of l?
2, 3, 5
What are the prime factors of (243 + -218)/(52/50 + -1)?
5
Let d(t) = 48*t + 426. List the prime factors of d(42).
2, 3, 11, 37
Let d(q) = -q**2 + 25*q - 39. What are the prime factors of d(12)?
3, 13
Let p(f) = f**2 + 11*f - 9. Let l be p(-13). Suppose -4*n + 7 + l = 0. List the prime factors of n/10 + 1239/35.
2, 3
Let a(b) = 4*b - 1. Suppose -9*x + 26 = -73. What are the prime factors of a(x)?
43
Let g = -56 - -39. Let u = 23 + 16. Let t = u - g. What are the prime factors of t?
2, 7
Let n(r) = -r**3 - 11*r**2 + r - 7. Let u be n(-11). What are the prime factors of (-4)/u - (-102)/27?
2
Let m(q) = 2*q - 3. Let s be m(3). Let r = -10 + s. Let x(b) = b**3 + 8*b**2 + 4*b - 8. What are the prime factors of x(r)?
13
Let j be (2/(-18))/(-1) - 2272/(-288). Let q(z) = z**3 - 8*z**2 + 8*z + 2. List the prime factors of q(j).
2, 3, 11
Let y(p) = 2*p**3 + 9*p**2 - 4*p - 4. Let n be y(-6). Let m = 198 + n. What are the prime factors of m?
2, 5, 11
Suppose -218 = 5*p - 68. Let o = 51 + p. Let g = o - 17. What are the prime factors of g?
2
Suppose -6 = -2*l + i, i = -2*l - 2*i + 14. Let x = l + 16. What are the prime factors of x?
2, 5
Let b(t) be the second derivative of -t**5/20 - t**4/4 - 5*t**3/6 - 2*t**2 + t. Let y be 25/(-250) + (-78)/20. List the prime factors of b(y).
2
Let k(l) = 2*l + 84. List the prime factors of k(-34).
2
Let a(d) be the second derivative of d**4/3 - d**2/2 - d. Let r be a(-1). Suppose -4*g + 6*g = 4, -r*b + 4*g + 7 = 0. List the prime factors of b.
5
Let q(x) = 2530*x + 38. List the prime factors of q(1).
2, 3, 107
Suppose -m = 4*m, 5*m = p - 304. Suppose 13*q - 9*q = p. What are the prime factors of q?
2, 19
Let l(x) = 6*x**2 + 75. List the prime factors of l(-8).
3, 17
Let h be (-178)/(-6) + (-12)/18. Let u = h - 14. Let v = u + 6. List the prime factors of v.
3, 7
Let w be 5/(-4*(-4)/16). Suppose 5*p = 2*q - w - 5, 0 = -q + 2*p + 4. Let f = 4 + q. What are the prime factors of f?
2
Let r = -299 + 2577. Suppose r = 6*w + 700. List the prime factors of w.
263
Suppose 22*n = 24*n - 7540. What are the prime factors of n?
2, 5, 13, 29
Suppose -4*w + 54 = -7*w. Suppose -7 = 4*t + 3*u, 2*t + 20 = 4*u - 0*u. Let i = t - w. What are the prime factors of i?
2, 7
Suppose 38 = 4*r - 2. List the prime factors of r.
2, 5
Let a = -2699 - -3896. What are the prime factors of a?
3, 7, 19
Suppose 4*w + w - 834 = -2*z, -2*w + 2*z = -328. Let h = w + -30. What are the prime factors of h?
2, 17
Suppose 4*h + 3 = h, -3*d = -4*h - 13285. List the prime factors of d.
19, 233
Suppose 46*w - 18251 - 107697 = 0. What are the prime factors of w?
2, 37
What are the prime factors of (-8)/(-7)*7/2?
2
Let s = -574 + 1195. What are the prime factors of s?
3, 23
Let u = -257 + 711. What are the prime factors of u?
2, 227
What are the prime factors of (-4760)/(-10) + -3 + 1?
2, 3, 79
Let n(t) = 74*t**2 + 4. What are the prime factors of n(2)?
2, 3, 5
Let v = -14 - -19. Suppose -v*n + 46 = -3*n. Suppose 72 = 5*p - n. What are the prime factors of p?
19
Let v(q) = q**3 + 10*q**2 + 4*q + 18. Let f be v(-6). List the prime factors of (92/(-6))/(-4 - f/(-36)).
2, 23
Suppose 3*u - 1 - 5 = 0. Suppose -4*i + 12 = -u*i. Let x = 84 - i. List the prime factors of x.
2, 3, 13
Let x be (9 - -261)*5/2. Suppose 2*o + x = 7*o. Suppose -21 + o = 6*m. What are the prime factors of m?
19
Suppose -2*w + 6*w = 32. List the prime factors of w/28 + 668/14.
2, 3
Let i(q) = q**2 - 2*q - 3. Let l be i(-2). Suppose 3*b + 20 = l*b. List the prime factors of b.
2, 5
Let s(k) = k**3 - k**2 + 3. Let n be s(0). Suppose 12*l + 12 = 16*l. Suppose l*j - 66 = -3*g, j = n*j. List the prime factors of g.
2, 11
Suppose 3*v + v - 2*k = -430, 2*k + 206 = -2*v. Let u = -63 - v. List the prime factors of u.
43
Suppose 0 = -0*x + 2*x - 2, -3*g - 2*x + 95 = 0. What are the prime factors of g?
31
Suppose -112 - 279 = l. Let n = 586 + l. List the prime factors of n.
3, 5, 13
Suppose -7*g + 6559 = 2163. List the prime factors of g.
2, 157
Suppose -4*g + 0*l + 6384 = 3*l, l + 7961 = 5*g. What are the prime factors of g?
3, 59
Let l = -19 - -84. Let c = l + -15. List the prime factors of c.
2, 5
Let o = 3 - -16. Let x = o - 14. What are the prime factors of x?
5
List the prime factors of ((136/(-32))/17)/(1/(-12)).
3
Let o = 1441 - 698. What are the prime factors of o?
743
Suppose -1 + 5 = 2*n. Suppose -d + n + 12 = 0. What are the prime factors of (-7)/((d/(-8))/7)?
2, 7
Let a(h) = -h**3 - 12*h**2 - 5*h + 7. Let j(i) = -i**2 + 6. Let r be j(0). Suppose -36 = 9*o - r*o. What are the prime factors of a(o)?
67
Let i be 0 - -1 - (-1 + -26). Let m = i - 16. Let v = m - -57. What are the prime factors of v?
3, 23
Suppose -5*i + 316 = 3*s, 2*i + 5*s - 196 = -i. Suppose i - 8 = 6*h. What are the prime factors of h?
3
Suppose 2*f - f = -4*o + 68, -268 = -3*f + 4*o. List the prime factors of (-4)/(f/9) + (-164)/(-7).
23
Suppose 0 = -2*f + b + 40 - 3, 4*f - 75 = 3*b. What are the prime factors of (f + -2)/1 + (-11 - -10)?
3, 5
Let i = -34 + 28. Let k = 0 - i. Let y = 24 - k. List the prime factors of y.
2, 3
What are the prime factors of (1 + -10 + -117)/(-1)?
2, 3, 7
Suppose -3*k = 2*m - 27, 3 + 16 = 4*m - k. Let b(x) = 4 + 2*x**2 + m*x**2 - 3 - 2. What are the prime factors of b(2)?
31
List the prime factors of 46/23*(-1655)/(-2).
5, 331
Let f(k) = -15*k**3 - 7*k**2 - 2*k + 14. List the prime factors of f(-5).
2, 431
Let w = 821 + 1958. List the prime factors of w.
7, 397
Suppose -5*x - 16*h + 18392 = -12*h, -4*x + 14724 = -2*h. What are the prime factors of x?
2, 5, 23
Suppose -2*x - 58 + 260 = 0. Suppose 0 = -23*p + 22*p + x. List the prime factors of p.
101
Let j be (-3*1)/((-66)/440). Suppose 0 = -17*f + j*f - 369. What are the prime factors of f?
3, 41
Let z(x) be the first derivative of x + 13 - 10/3*x**3 + 2*x**2 + 1/4*x**4. What are the prime factors of z(10)?
41
Let h(k) be the second derivative of 5*k**3/6 - 25*k**2/2 - k. Let z = -2083 + 2094. List the prime factors of h(z).
2, 3, 5
Let s = -1004 - -1538. List the prime factors of s.
2, 3, 89
Let f(g) = g**2 - 5*g - 5. Let l be f(6). Let s(z) be the second derivative of 13*z**5/10 - z**4/12 - 3*z. What are the prime factors of s(l)?
5
Let i(p) = 0*p + 2*p - p - 6. Let j be i(9). Suppose -l - j*l = -80. List the prime factors of l.
2, 5
Suppose -5*v - 172 = d, -5*v - d - 2*d = 166. Let g = 28 + v. List the prime factors of 2/g - (-120)/28.
2
Let l = 211 + -78. What are the prime factors of l?
7, 19
Suppose -190 - 289 = -3*p -